73879?
5
What is the tens digit of 23897381?
8
What is the ten thousands digit of 58527699?
2
What is the ten millions digit of 124553120?
2
What is the thousands digit of 2270716922?
6
What is the hundred thousands digit of 3440488869?
4
What is the millions digit of 55289055?
5
What is the tens digit of 1416970870?
7
What is the tens digit of 31429327?
2
What is the tens digit of 548229914?
1
What is the millions digit of 93850607?
3
What is the ten millions digit of 1471404251?
7
What is the hundreds digit of 94565226?
2
What is the millions digit of 710388175?
0
What is the thousands digit of 49099146?
9
What is the hundreds digit of 180750555?
5
What is the ten thousands digit of 6262278861?
7
What is the units digit of 19332364?
4
What is the ten millions digit of 977706748?
7
What is the tens digit of 2527965240?
4
What is the tens digit of 1956546865?
6
What is the millions digit of 929758049?
9
What is the thousands digit of 100090899?
0
What is the billions digit of 1996193342?
1
What is the hundreds digit of 639196993?
9
What is the ten millions digit of 4838267946?
3
What is the hundred millions digit of 2393557926?
3
What is the millions digit of 27998598?
7
What is the tens digit of 81011786?
8
What is the tens digit of 32925017?
1
What is the tens digit of 45129046?
4
What is the tens digit of 1319126289?
8
What is the hundred thousands digit of 563624505?
6
What is the thousands digit of 446575506?
5
What is the hundred thousands digit of 105172505?
1
What is the hundred thousands digit of 40935152?
9
What is the ten thousands digit of 80850000?
5
What is the hundreds digit of 23474501?
5
What is the tens digit of 805673867?
6
What is the ten thousands digit of 381177208?
7
What is the ten thousands digit of 631699612?
9
What is the hundred thousands digit of 838832648?
8
What is the ten millions digit of 101145448?
0
What is the ten millions digit of 3452360486?
5
What is the hundred millions digit of 2399877870?
3
What is the thousands digit of 596786895?
6
What is the ten millions digit of 477041835?
7
What is the hundred thousands digit of 51844164?
8
What is the hundred thousands digit of 23815663?
8
What is the hundred thousands digit of 2215799666?
7
What is the units digit of 76821514?
4
What is the millions digit of 18949865?
8
What is the thousands digit of 205322267?
2
What is the units digit of 1564905469?
9
What is the hundreds digit of 1181282648?
6
What is the units digit of 70598672?
2
What is the hundred millions digit of 331636618?
3
What is the ten thousands digit of 364886414?
8
What is the hundred millions digit of 1300596085?
3
What is the hundred thousands digit of 14085300?
0
What is the millions digit of 82749093?
2
What is the hundreds digit of 181467168?
1
What is the millions digit of 184148007?
4
What is the units digit of 10432560?
0
What is the ten millions digit of 1215961715?
1
What is the ten thousands digit of 277577308?
7
What is the tens digit of 9878814?
1
What is the ten millions digit of 291060974?
9
What is the ten millions digit of 140990143?
4
What is the ten thousands digit of 6488135?
8
What is the hundred thousands digit of 514364632?
3
What is the ten thousands digit of 117728424?
2
What is the thousands digit of 57953791?
3
What is the tens digit of 710268663?
6
What is the millions digit of 23426996?
3
What is the ten thousands digit of 63855733?
5
What is the hundred millions digit of 181369118?
1
What is the units digit of 344322952?
2
What is the tens digit of 455084250?
5
What is the millions digit of 1747380309?
7
What is the millions digit of 1936228109?
6
What is the hundreds digit of 18986227?
2
What is the units digit of 67271860?
0
What is the hundreds digit of 208976232?
2
What is the tens digit of 54908568?
6
What is the thousands digit of 16074882?
4
What is the ten millions digit of 2457158756?
5
What is the thousands digit of 751847168?
7
What is the ten thousands digit of 1883696763?
9
What is the hundred thousands digit of 75045137?
0
What is the thousands digit of 1730720057?
0
What is the units digit of 1496441767?
7
What is the units digit of 684931531?
1
What is the ten thousands digit of 943884355?
8
What is the units digit of 35069588?
8
What is the ten thousands digit of 53318529?
1
What is the tens digit of 8301601?
0
What is the millions digit of 269050351?
9
What is the ten millions digit of 584259784?
8
What is the ten millions digit of 83891499?
8
What is the units digit of 2381511800?
0
What is the units digit of 1775105778?
8
What is the hundred millions digit of 700747412?
7
What is the tens digit of 1149129704?
0
What is the hundreds digit of 35962890?
8
What is the thousands digit of 305412413?
2
What is the millions digit of 903932582?
3
What is the hundreds digit of 17670883?
8
What is the ten thousands digit of 30503403?
0
What is the units digit of 8398089?
9
What is the units digit of 6163754?
4
What is the thousands digit of 6032442380?
2
What is the millions digit of 52611135?
2
What is the millions digit of 328722656?
8
What is the hundreds digit of 393005407?
4
What is the billions digit of 6494218320?
6
What is the units digit of 1880742412?
2
What is the ten millions digit of 129696518?
2
What is the hundred millions digit of 915264153?
9
What is the millions digit of 22000389?
2
What is the hundred millions digit of 264525776?
2
What is the ten thousands digit of 981208404?
0
What is the units digit of 507650622?
2
What is the thousands digit of 267402517?
2
What is the hundred thousands digit of 62005888?
0
What is the hundreds digit of 2248462?
4
What is the billions digit of 1902758477?
1
What is the tens digit of 912377908?
0
What is the hundreds digit of 127745502?
5
What is the ten millions digit of 39345895?
3
What is the tens digit of 33627053?
5
What is the hundred millions digit of 1320425488?
3
What is the ten millions digit of 1812182611?
1
What is the tens digit of 8502024?
2
What is the hundred thousands digit of 366437569?
4
What is the ten thousands digit of 665752666?
5
What is the ten millions digit of 421339437?
2
What is the units digit of 28602949?
9
What is the ten thousands digit of 232686549?
8
What is the millions digit of 27003679?
7
What is the ten millions digit of 52151237?
5
What is the hundred thousands digit of 926740091?
7
What is the thousands digit of 324754240?
4
What is the hundred thousands digit of 41873900?
8
What is the units digit of 78335683?
3
What is the hundred millions digit of 8001263050?
0
What is the ten thousands digit of 9155712049?
1
What is the tens digit of 171157105?
0
What is the millions digit of 70710239?
0
What is the hundred thousands digit of 477091974?
0
What is the units digit of 11528323?
3
What is the hundred thousands digit of 5407419713?
4
What is the hundred thousands digit of 24493819?
4
What is the millions digit of 30934796?
0
What is the tens digit of 8006027045?
4
What is the thousands digit of 50819466?
9
What is the thousands digit of 113953878?
3
What is the hundred thousands digit of 1384393701?
3
What is the hundred thousands digit of 3227712275?
7
What is the hundred thousands digit of 1137735823?
7
What is the ten millions digit of 54005917?
5
What is the millions digit of 1407841476?
7
What is the hundreds digit of 206030459?
4
What is the units digit of 121473064?
4
What is the hundreds digit of 242086467?
4
What is the thousands digit of 122399230?
9
What is the hundred thousands digit of 1255966338?
9
What is the millions digit of 46863853?
6
What is the thousands digit of 49945409?
5
What is the hundred thousands digit of 1796126836?
1
What is the millions digit of 13259834?
3
What is the hundred millions digit of 148282369?
1
What is the thousands digit of 176827995?
7
What is the ten thousands digit of 57326687?
2
What is the tens digit of 29259611?
1
What is the ten thousands digit of 39756544?
5
What is the ten thousands digit of 48510770?
1
What is the ten thousands digit of 400071656?
7
What is the thousands digit of 92463796?
3
What is the hundred millions digit of 1247068371?
2
What is the hundred millions digit of 264044347?
2
What is the billions digit of 1302662629?
1
What is the hundred thousands digit of 43527457?
5
What is the hund